1 is divided by 2360.
11
Calculate the remainder when 233123 is divided by 9.
5
Calculate the remainder when 10461 is divided by 2075.
86
Calculate the remainder when 425402 is divided by 162.
152
What is the remainder when 2850 is divided by 708?
18
Calculate the remainder when 23041 is divided by 855.
811
What is the remainder when 3645 is divided by 28?
5
What is the remainder when 13661 is divided by 4553?
2
Calculate the remainder when 6697 is divided by 401.
281
Calculate the remainder when 5603 is divided by 1096.
123
Calculate the remainder when 7267 is divided by 5.
2
What is the remainder when 563551 is divided by 329?
303
What is the remainder when 8832 is divided by 45?
12
What is the remainder when 8706 is divided by 33?
27
What is the remainder when 63883 is divided by 56?
43
What is the remainder when 19157 is divided by 1935?
1742
What is the remainder when 67960 is divided by 241?
239
Calculate the remainder when 11187 is divided by 173.
115
What is the remainder when 11083 is divided by 194?
25
What is the remainder when 14622 is divided by 41?
26
What is the remainder when 28911 is divided by 278?
277
Calculate the remainder when 50394 is divided by 3148.
26
Calculate the remainder when 287425 is divided by 195.
190
What is the remainder when 4368 is divided by 1193?
789
Calculate the remainder when 442 is divided by 347.
95
What is the remainder when 129125 is divided by 115?
95
Calculate the remainder when 8357 is divided by 62.
49
Calculate the remainder when 5532 is divided by 2.
0
What is the remainder when 356 is divided by 167?
22
What is the remainder when 294471 is divided by 3591?
9
What is the remainder when 130181 is divided by 349?
4
What is the remainder when 30798 is divided by 15382?
34
Calculate the remainder when 8243 is divided by 457.
17
What is the remainder when 38519 is divided by 24?
23
What is the remainder when 75756 is divided by 62?
54
Calculate the remainder when 4122 is divided by 577.
83
Calculate the remainder when 306195 is divided by 153090.
15
What is the remainder when 15723 is divided by 461?
49
What is the remainder when 519477 is divided by 19?
17
Calculate the remainder when 506841 is divided by 294.
279
Calculate the remainder when 9190 is divided by 200.
190
Calculate the remainder when 1716 is divided by 112.
36
Calculate the remainder when 631 is divided by 486.
145
What is the remainder when 2889 is divided by 682?
161
What is the remainder when 2717 is divided by 2692?
25
Calculate the remainder when 4998 is divided by 57.
39
What is the remainder when 45033 is divided by 15009?
6
What is the remainder when 5080 is divided by 1560?
400
Calculate the remainder when 71450 is divided by 45.
35
Calculate the remainder when 7847 is divided by 167.
165
What is the remainder when 2338 is divided by 1138?
62
Calculate the remainder when 2087 is divided by 111.
89
What is the remainder when 21646 is divided by 668?
270
Calculate the remainder when 12466 is divided by 3113.
14
Calculate the remainder when 9532 is divided by 63.
19
Calculate the remainder when 11631 is divided by 15.
6
What is the remainder when 52092 is divided by 11?
7
Calculate the remainder when 6111 is divided by 3052.
7
What is the remainder when 2789 is divided by 2783?
6
Calculate the remainder when 2997742 is divided by 24.
22
What is the remainder when 647533 is divided by 1591?
1587
Calculate the remainder when 387784 is divided by 7.
5
Calculate the remainder when 3063 is divided by 6.
3
Calculate the remainder when 5413 is divided by 5125.
288
Calculate the remainder when 1144 is divided by 60.
4
What is the remainder when 365 is divided by 132?
101
What is the remainder when 149542 is divided by 149463?
79
Calculate the remainder when 2264 is divided by 17.
3
Calculate the remainder when 191217 is divided by 2056.
9
What is the remainder when 1845 is divided by 784?
277
What is the remainder when 233194 is divided by 77726?
16
Calculate the remainder when 306 is divided by 226.
80
Calculate the remainder when 34909 is divided by 16.
13
What is the remainder when 373 is divided by 172?
29
What is the remainder when 4676 is divided by 1055?
456
What is the remainder when 13541 is divided by 4513?
2
What is the remainder when 5077 is divided by 607?
221
Calculate the remainder when 695893 is divided by 148.
145
Calculate the remainder when 22297 is divided by 1576.
233
Calculate the remainder when 48752 is divided by 352.
176
What is the remainder when 32136 is divided by 312?
0
What is the remainder when 22751 is divided by 52?
27
What is the remainder when 174 is divided by 95?
79
What is the remainder when 31827 is divided by 664?
619
What is the remainder when 25540 is divided by 153?
142
Calculate the remainder when 1557 is divided by 247.
75
Calculate the remainder when 59425 is divided by 874.
867
Calculate the remainder when 192694 is divided by 110.
84
What is the remainder when 601507 is divided by 85927?
18
What is the remainder when 2014 is divided by 222?
16
Calculate the remainder when 2779 is divided by 215.
199
Calculate the remainder when 5206 is divided by 1301.
2
What is the remainder when 34440 is divided by 11463?
51
Calculate the remainder when 932 is divided by 187.
184
Calculate the remainder when 2446 is divided by 6.
4
What is the remainder when 10708 is divided by 397?
386
Calculate the remainder when 2715 is divided by 1351.
13
What is the remainder when 52221 is divided by 6?
3
What is the remainder when 280 is divided by 37?
21
Calculate the remainder when 1476079 is divided by 33547.
11
What is the remainder when 133081 is divided by 2464?
25
What is the remainder when 10453 is divided by 617?
581
Calculate the remainder when 46955 is divided by 23361.
233
What is the remainder when 1147 is divided by 533?
81
What is the remainder when 393 is divided by 362?
31
Calculate the remainder when 56541 is divided by 28240.
61
Calculate the remainder when 222767 is divided by 22.
17
Calculate the remainder when 4153 is divided by 160.
153
What is the remainder when 1012 is divided by 85?
77
Calculate the remainder when 1574968 is divided by 103.
98
What is the remainder when 9262 is divided by 1150?
62
What is the remainder when 183489 is divided by 55?
9
Calculate the remainder when 49614 is divided by 213.
198
What is the remainder when 22749 is divided by 185?
179
Calculate the remainder when 6919 is divided by 53.
29
What is the remainder when 13930 is divided by 13920?
10
Calculate the remainder when 2407 is divided by 796.
19
What is the remainder when 423729 is divided by 108?
45
What is the remainder when 15972 is divided by 65?
47
Calculate the remainder when 80970 is divided by 17.
16
What is the remainder when 22404 is divided by 22399?
5
What is the remainder when 28989 is divided by 9657?
18
Calculate the remainder when 268101 is divided by 305.
6
What is the remainder when 33947 is divided by 724?
643
What is the remainder when 10948111 is divided by 99?
97
Calculate the remainder when 5000 is divided by 125.
0
What is the remainder when 4555 is divided by 147?
145
Calculate the remainder when 49770 is divided by 275.
270
Calculate the remainder when 1191 is divided by 543.
105
Calculate the remainder when 94352 is divided by 953.
5
What is the remainder when 8966 is divided by 376?
318
What is the remainder when 331344 is divided by 141?
135
What is the remainder when 78205 is divided by 199?
197
What is the remainder when 3812 is divided by 53?
49
What is the remainder when 1244 is divided by 5?
4
Calculate the remainder when 24906 is divided by 131.
16
What is the remainder when 29716 is divided by 217?
204
What is the remainder when 50667 is divided by 1747?
4
Calculate the remainder when 3196 is divided by 204.
136
What is the remainder when 22155 is divided by 597?
66
What is the remainder when 6973 is divided by 1727?
65
Calculate the remainder when 193449 is divided by 21487.
66
What is the remainder when 1831 is divided by 981?
850
What is the remainder when 72205 is divided by 143?
133
Calculate the remainder when 1460 is divided by 1414.
46
Calculate the remainder when 1125 is divided by 98.
47
Calculate the remainder when 30943 is divided by 15449.
45
Calculat